are the prime factors of 283178072?
2, 83, 421, 1013
What are the prime factors of 735701102?
2, 3037, 121123
List the prime factors of 9561847.
9561847
List the prime factors of 72952842.
2, 3, 73, 193, 863
What are the prime factors of 35122742?
2, 17561371
What are the prime factors of 793771209?
3, 7, 11, 29, 127, 311
List the prime factors of 16140105.
3, 5, 358669
What are the prime factors of 1168298924?
2, 13, 103, 331, 659
List the prime factors of 134103099.
3, 13, 617, 5573
What are the prime factors of 5829208251?
3, 17, 23, 41, 61, 1987
List the prime factors of 20331916.
2, 11, 167, 2767
List the prime factors of 6079367.
7, 73, 11897
What are the prime factors of 3031275097?
3877, 781861
What are the prime factors of 2636425471?
2636425471
What are the prime factors of 1256381844?
2, 3, 104698487
List the prime factors of 184338951.
3, 23, 59, 45281
What are the prime factors of 477477875?
5, 7, 599, 911
What are the prime factors of 188971896?
2, 3, 71, 110899
What are the prime factors of 135476983?
47, 2882489
List the prime factors of 27587796.
2, 3, 2298983
List the prime factors of 1440159457.
11, 683, 191689
What are the prime factors of 1979501554?
2, 37, 293, 91297
What are the prime factors of 30392974?
2, 17, 52583
List the prime factors of 109870342.
2, 54935171
What are the prime factors of 295949257?
23, 2887, 4457
List the prime factors of 201885983.
13, 173, 89767
What are the prime factors of 522006814?
2, 7, 37286201
List the prime factors of 61627859.
61627859
List the prime factors of 104577501.
3, 7, 19, 349, 751
What are the prime factors of 6629477?
6629477
What are the prime factors of 253236724?
2, 13, 277, 17581
What are the prime factors of 3619704656?
2, 226231541
List the prime factors of 89805147.
3, 29935049
What are the prime factors of 4086341086?
2, 409, 4995527
List the prime factors of 163432046.
2, 2411, 33893
What are the prime factors of 540040246?
2, 47, 5745109
What are the prime factors of 111219585?
3, 5, 83, 157, 569
What are the prime factors of 129935848?
2, 7, 109, 3041
List the prime factors of 379367680.
2, 5, 19, 821
List the prime factors of 620053925.
5, 293, 84649
List the prime factors of 62601668.
2, 15650417
What are the prime factors of 6626791217?
389, 17035453
What are the prime factors of 1252465073?
839, 1492807
What are the prime factors of 475488877?
475488877
What are the prime factors of 216169699?
216169699
List the prime factors of 105482287.
443, 238109
List the prime factors of 186113871.
3, 383, 53993
What are the prime factors of 69182721?
3, 2562323
List the prime factors of 471102479.
47, 1531, 6547
What are the prime factors of 55045329?
3, 41, 421, 1063
List the prime factors of 5126543.
5126543
List the prime factors of 3309030686.
2, 13, 43, 71, 41687
List the prime factors of 1348727575.
5, 13, 4149931
What are the prime factors of 259018646?
2, 1307, 99089
What are the prime factors of 48397613?
11, 73, 60271
List the prime factors of 6077076421.
13, 467467417
List the prime factors of 66050820.
2, 3, 5, 11, 33359
List the prime factors of 402177471.
3, 23, 409, 14251
List the prime factors of 292575597.
3, 919, 106121
What are the prime factors of 1219912258?
2, 609956129
What are the prime factors of 409055260?
2, 5, 59, 346657
What are the prime factors of 1459566418?
2, 971, 751579
What are the prime factors of 1782206034?
2, 3, 7, 2153, 19709
List the prime factors of 99534415.
5, 281, 70843
List the prime factors of 149748553.
281, 463, 1151
List the prime factors of 617864966.
2, 17, 1567, 11597
List the prime factors of 26082006.
2, 3, 4347001
What are the prime factors of 262241088?
2, 3, 431, 3169
List the prime factors of 12369194.
2, 71, 87107
What are the prime factors of 885442344?
2, 3, 36893431
What are the prime factors of 2271956491?
7, 23, 2015933
What are the prime factors of 99212863?
67, 167, 8867
List the prime factors of 1710437394.
2, 3, 131, 2176129
List the prime factors of 4637223.
3, 41, 59, 71
What are the prime factors of 239780770?
2, 5, 23978077
List the prime factors of 78685995.
3, 5, 5245733
What are the prime factors of 504405624?
2, 3, 21016901
List the prime factors of 561307957.
7, 199, 402949
What are the prime factors of 3137039707?
19, 29, 5693357
List the prime factors of 233802334.
2, 19, 37, 166289
What are the prime factors of 332722438?
2, 166361219
List the prime factors of 50699578.
2, 443, 57223
What are the prime factors of 661057509?
3, 7, 239, 131711
What are the prime factors of 64485205?
5, 1907, 6763
List the prime factors of 1620295125.
3, 5, 4320787
What are the prime factors of 127054088?
2, 7, 149, 15227
List the prime factors of 493601359.
493601359
What are the prime factors of 307880949?
3, 102626983
What are the prime factors of 92919356?
2, 23, 1009993
List the prime factors of 697646531.
697646531
What are the prime factors of 2313240476?
2, 199, 2906081
What are the prime factors of 1005035473?
13, 1409, 54869
List the prime factors of 42976195.
5, 19, 73, 6197
List the prime factors of 106940432.
2, 23, 53, 5483
What are the prime factors of 2671591340?
2, 5, 11, 103, 117899
List the prime factors of 135641420.
2, 5, 79, 293
List the prime factors of 797487261.
3, 265829087
What are the prime factors of 2783188542?
2, 3, 1109, 418273
What are the prime factors of 271585683?
3, 383, 26263
List the prime factors of 1958760489.
3, 7, 93274309
What are the prime factors of 12606400?
2, 5, 7879
What are the prime factors of 62901837?
3, 19, 73, 5039
List the prime factors of 28663445.
5, 17, 337217
List the prime factors of 5057504527.
347, 983, 14827
List the prime factors of 118187320.
2, 5, 2954683
What are the prime factors of 42451455?
3, 5, 2830097
What are the prime factors of 713011782?
2, 3, 7, 127, 133673
What are the prime factors of 42831245?
5, 17, 29641
List the prime factors of 31834239.
3, 397, 26729
List the prime factors of 144139639.
7, 20591377
What are the prime factors of 33808777?
5591, 6047
List the prime factors of 32844424.
2, 4105553
List the prime factors of 4469874946.
2, 89, 25111657
List the prime factors of 1071725317.
13, 571, 144379
What are the prime factors of 612299984?
2, 38268749
What are the prime factors of 2718142308?
2, 3, 7, 17, 90641
List the prime factors of 1452409595.
5, 7, 13, 271, 11779
What are the prime factors of 1926904785?
3, 5, 13, 1447, 6829
What are the prime factors of 302909766?
2, 3, 50484961
What are the prime factors of 2330945076?
2, 3, 1163, 167021
What are the prime factors of 890428457?
890428457
What are the prime factors of 310915816?
2, 71, 547387
List the prime factors of 430539249.
3, 7, 29, 706961
What are the prime factors of 864249390?
2, 3, 5, 19, 505409
List the prime factors of 598409698.
2, 107, 137, 20411
List the prime factors of 397662329.
397662329
What are the prime factors of 57616101?
3, 113, 181, 313
List the prime factors of 226572040.
2, 5, 5664301
What are the prime factors of 118643471?
118643471
List the prime factors of 1399964382.
2, 3, 17, 4575047
List the prime factors of 974545059.
3, 324848353
What are the prime factors of 836918836?
2, 13, 37, 434989
List the prime factors of 28874780.
2, 5, 11, 131249
List the prime factors of 10904749.
157, 69457
What are the prime factors of 437191163?
437191163
What are the prime factors of 19381850?
2, 5, 439, 883
What are the prime factors of 435477587?
19, 22919873
List the prime factors of 2677091246.
2, 233, 571, 10061
List the prime factors of 150728643.
3, 13, 509, 2531
What are the prime factors of 755334334?
2, 14543, 25969
What are the prime factors of 141879438?
2, 3, 163, 199
List the prime factors of 29398047.
3, 7, 71, 19717
List the prime factors of 34466575.
5, 11, 13, 31, 311
List the prime factors of 839902856.
2, 13, 8075989
List the prime factors of 1594055036.
2, 7, 4799, 11863
What are the prime factors of 94578491?
7, 607, 22259
What are the prime factors of 468684059?
5647, 82997
What are the prime factors of 20828811?
3, 263, 26399
What are the prime factors of 131550345?
3, 5, 41, 23767
List the prime factors of 1459567719.
3, 162174191
List the prime factors of 659552871.
3, 19, 11571103
List the prime factors of 313797885